 the prime factors of 13685747.
71, 192757
What are the prime factors of 661815?
3, 5, 7, 11, 191
What are the prime factors of 316034?
2, 158017
List the prime factors of 2318241.
3, 463, 1669
List the prime factors of 93993.
3, 17, 19, 97
List the prime factors of 19401946.
2, 241, 40253
List the prime factors of 6262924.
2, 107, 14633
List the prime factors of 18618207.
3, 6206069
What are the prime factors of 203971?
203971
What are the prime factors of 74591?
11, 6781
List the prime factors of 121370.
2, 5, 53, 229
List the prime factors of 12794700.
2, 3, 5, 42649
List the prime factors of 7277377.
17, 41, 53, 197
What are the prime factors of 314431?
13, 19, 67
List the prime factors of 52480.
2, 5, 41
What are the prime factors of 665935?
5, 133187
List the prime factors of 10092655.
5, 2018531
What are the prime factors of 632454?
2, 3, 23, 4583
What are the prime factors of 7279174?
2, 7, 29, 17929
List the prime factors of 1068738.
2, 3, 11, 16193
What are the prime factors of 235788?
2, 3, 7, 401
List the prime factors of 1618025.
5, 61, 1061
What are the prime factors of 17467653?
3, 7, 17, 113, 433
What are the prime factors of 18295052?
2, 4573763
What are the prime factors of 24345940?
2, 5, 1217297
What are the prime factors of 4053475?
5, 29, 5591
What are the prime factors of 1320242?
2, 7, 11, 8573
What are the prime factors of 8653844?
2, 2163461
List the prime factors of 4913400.
2, 3, 5, 19, 431
What are the prime factors of 3596633?
53, 79, 859
What are the prime factors of 20820485?
5, 7, 19, 131, 239
List the prime factors of 423135.
3, 5, 9403
List the prime factors of 115603.
115603
List the prime factors of 1499195.
5, 19, 43, 367
List the prime factors of 1843749.
3, 23, 2969
List the prime factors of 20075823.
3, 743549
What are the prime factors of 700815?
3, 5, 19, 2459
List the prime factors of 865180.
2, 5, 181, 239
What are the prime factors of 32037?
3, 59, 181
List the prime factors of 71217.
3, 41, 193
List the prime factors of 995624.
2, 7, 23, 773
What are the prime factors of 29020?
2, 5, 1451
List the prime factors of 1709813.
7, 47, 5197
List the prime factors of 6485598.
2, 3, 7, 51473
What are the prime factors of 15286286?
2, 31, 373, 661
List the prime factors of 3186162.
2, 3, 7, 8429
List the prime factors of 14151011.
7, 2021573
What are the prime factors of 14374487?
107, 134341
List the prime factors of 43011.
3, 59
What are the prime factors of 379684?
2, 23, 4127
List the prime factors of 294751.
294751
What are the prime factors of 174985?
5, 79, 443
List the prime factors of 1064441.
7, 152063
List the prime factors of 1936354.
2, 7, 138311
What are the prime factors of 1047818?
2, 47, 71, 157
What are the prime factors of 271634?
2, 11, 12347
List the prime factors of 182081.
41, 4441
What are the prime factors of 10870698?
2, 3, 19, 167, 571
List the prime factors of 177357.
3, 59119
What are the prime factors of 387692?
2, 103, 941
What are the prime factors of 227800?
2, 5, 17, 67
What are the prime factors of 1287195?
3, 5, 7, 13, 23, 41
List the prime factors of 1213243.
181, 6703
What are the prime factors of 14369806?
2, 11, 409, 1597
List the prime factors of 5143793.
5143793
List the prime factors of 529786.
2, 264893
What are the prime factors of 211390?
2, 5, 21139
List the prime factors of 1718925.
3, 5, 13, 41, 43
List the prime factors of 129486.
2, 3, 7, 3083
List the prime factors of 15226629.
3, 11, 461413
List the prime factors of 297690.
2, 3, 5, 9923
List the prime factors of 287646.
2, 3, 191, 251
List the prime factors of 1380155.
5, 7, 47, 839
What are the prime factors of 7214498?
2, 3607249
What are the prime factors of 3514006?
2, 53, 33151
List the prime factors of 3558213.
3, 29, 13633
List the prime factors of 1009765.
5, 201953
List the prime factors of 611596.
2, 152899
What are the prime factors of 438468?
2, 3, 61, 599
List the prime factors of 4632278.
2, 7, 330877
What are the prime factors of 2890766?
2, 113, 12791
What are the prime factors of 26816?
2, 419
List the prime factors of 2933350.
2, 5, 7, 17, 29
What are the prime factors of 611904?
2, 3, 3187
What are the prime factors of 1002853?
1002853
What are the prime factors of 4863700?
2, 5, 17, 2861
What are the prime factors of 2432022?
2, 3, 397, 1021
What are the prime factors of 235427?
311, 757
List the prime factors of 2011619.
419, 4801
What are the prime factors of 6079652?
2, 1519913
What are the prime factors of 14729075?
5, 589163
List the prime factors of 207232.
2, 1619
List the prime factors of 331230.
2, 3, 5, 61, 181
List the prime factors of 11328726.
2, 3, 1888121
What are the prime factors of 60307?
13, 4639
List the prime factors of 191584.
2, 5987
What are the prime factors of 221111?
11, 20101
What are the prime factors of 621414?
2, 3, 19, 23, 79
List the prime factors of 4621701.
3, 7, 29, 7589
What are the prime factors of 2788855?
5, 541, 1031
What are the prime factors of 569231?
13, 43787
List the prime factors of 24274592.
2, 317, 2393
List the prime factors of 396648.
2, 3, 7, 787
List the prime factors of 5402679.
3, 67, 26879
What are the prime factors of 1155238?
2, 7, 19, 43, 101
What are the prime factors of 6557102?
2, 3278551
List the prime factors of 1277350.
2, 5, 59, 433
List the prime factors of 394614.
2, 3, 11, 1993
What are the prime factors of 32962088?
2, 127, 32443
What are the prime factors of 17712682?
2, 13, 681257
What are the prime factors of 6843768?
2, 3, 29, 9833
What are the prime factors of 3544711?
37, 95803
What are the prime factors of 2860838?
2, 1430419
What are the prime factors of 253596?
2, 3, 7, 3019
What are the prime factors of 133489?
131, 1019
What are the prime factors of 840743?
840743
What are the prime factors of 3373377?
3, 7, 160637
List the prime factors of 3745868.
2, 7, 133781
What are the prime factors of 146672?
2, 89, 103
List the prime factors of 253998.
2, 3, 103, 137
What are the prime factors of 9144203?
2711, 3373
List the prime factors of 635398.
2, 19, 23, 727
What are the prime factors of 5060334?
2, 3, 53, 15913
What are the prime factors of 162898?
2, 79, 1031
List the prime factors of 796009.
796009
List the prime factors of 9146910.
2, 3, 5, 304897
List the prime factors of 13367093.
13367093
What are the prime factors of 4825169?
4825169
What are the prime factors of 31373419?
7, 11, 83, 4909
What are the prime factors of 22574809?
22574809
What are the prime factors of 602657?
11, 54787
What are the prime factors of 3263533?
7, 13, 35863
List the prime factors of 2948667.
3, 17, 19, 179
List the prime factors of 2806610.
2, 5, 43, 61, 107
List the prime factors of 1458253.
1458253
List the prime factors of 7363702.
2, 67, 179, 307
List the prime factors of 138910.
2, 5, 29, 479
List the prime factors of 395601.
3, 163, 809
List the prime factors of 1671749.
1283, 1303
What are the prime factors of 270937?
270937
List the prime factors of 217582.
2, 108791
What are the prime factors of 893240?
2, 5, 137, 163
List the prime factors of 3922874.
2, 73, 97, 277
What are the prime factors of 56058?
2, 3, 9343
List the prime factors of 711309.
3, 41, 5783
What are the prime factors of 3029814?
2, 3, 168323
List the prime factors of 7848.
2, 3, 109
What are the prime factors of 757800?
2, 3, 5, 421
List the prime factors of 3389654.
2, 89, 137, 139
What are the prime factors of 515132?
2, 89, 1447
What are the prime factors of 18238614?
2, 3, 1109, 2741
List the prime factors of 66719.
137, 487
What are the prime factors of 2297468?
2, 574367
List the prime factors of 4052152.
2, 13, 47, 829
List the prime factors of 1290448.
2, 59, 1367
List the prime factors of 7199033.
79, 91127
What are the prime factors of 325082?
2, 23, 37, 191
List the prime factors of 9994380.
2, 3, 5, 11, 19, 797
List the prime factors of 750309.
3, 7, 35729
What are the prime factors of 2123123?
2123123
What are the prime factors of 760325?
5, 17, 1789
What are the prime factors of 282024?
2, 3, 3917
What are the prime factors of 472936?
2, 31, 1907
What are the prime factors of 182573?
41, 61, 73
What are the prime factors of 570710?
2, 5, 7, 31, 263
List the prime factors of 10983616.
2, 7, 24517
List the prime factors of 454